 prime factors of 3133402?
2, 719, 2179
List the prime factors of 334998.
2, 3, 37, 503
What are the prime factors of 1979021?
11, 17, 19, 557
List the prime factors of 38150.
2, 5, 7, 109
What are the prime factors of 373358?
2, 186679
What are the prime factors of 256672?
2, 13, 617
List the prime factors of 1125565.
5, 7, 32159
What are the prime factors of 3537919?
7, 11, 4177
What are the prime factors of 281206?
2, 140603
List the prime factors of 509122.
2, 83, 3067
What are the prime factors of 266532?
2, 3, 7, 19, 167
What are the prime factors of 1501965?
3, 5, 33377
What are the prime factors of 3214794?
2, 3, 11, 67, 727
What are the prime factors of 96805?
5, 19, 1019
List the prime factors of 4996075.
5, 7, 28549
List the prime factors of 2832980.
2, 5, 141649
What are the prime factors of 5122316?
2, 31, 101, 409
List the prime factors of 11011199.
11011199
What are the prime factors of 3848401?
907, 4243
List the prime factors of 717952.
2, 71, 79
List the prime factors of 1467330.
2, 3, 5, 59, 829
What are the prime factors of 7432739?
269, 27631
List the prime factors of 465142.
2, 232571
List the prime factors of 7334329.
1327, 5527
List the prime factors of 1647568.
2, 13, 89
What are the prime factors of 1695969?
3, 11, 37, 463
List the prime factors of 553668.
2, 3, 29, 37, 43
What are the prime factors of 6976508?
2, 7, 11, 22651
What are the prime factors of 229430?
2, 5, 22943
What are the prime factors of 173052?
2, 3, 11, 19, 23
What are the prime factors of 976393?
11, 37, 2399
What are the prime factors of 13756865?
5, 1129, 2437
List the prime factors of 1489934.
2, 463, 1609
What are the prime factors of 14123?
29, 487
List the prime factors of 54264.
2, 3, 7, 17, 19
What are the prime factors of 37916?
2, 9479
List the prime factors of 3276966.
2, 3, 7, 11, 41, 173
What are the prime factors of 981341?
23, 42667
What are the prime factors of 21381339?
3, 7, 127, 8017
List the prime factors of 33595985.
5, 23, 389, 751
What are the prime factors of 752117?
752117
List the prime factors of 9036861.
3, 23, 130969
List the prime factors of 2467305.
3, 5, 54829
What are the prime factors of 469592?
2, 58699
What are the prime factors of 14148268?
2, 79, 44773
List the prime factors of 2611257.
3, 11, 53, 1493
List the prime factors of 3552942.
2, 3, 592157
What are the prime factors of 379389?
3, 17, 43, 173
What are the prime factors of 1252956?
2, 3, 193, 541
What are the prime factors of 1722052?
2, 430513
List the prime factors of 1304185.
5, 109, 2393
List the prime factors of 310797.
3, 1279
List the prime factors of 5829454.
2, 1543, 1889
List the prime factors of 14017332.
2, 3, 7, 31, 769
What are the prime factors of 675388?
2, 7, 24121
What are the prime factors of 64844?
2, 13, 29, 43
List the prime factors of 43052.
2, 47, 229
List the prime factors of 2318577.
3, 772859
List the prime factors of 10260145.
5, 7, 293147
What are the prime factors of 1147154?
2, 43, 13339
List the prime factors of 1714312.
2, 421, 509
What are the prime factors of 2203995?
3, 5, 146933
List the prime factors of 101450.
2, 5, 2029
What are the prime factors of 327773?
23, 14251
List the prime factors of 9953309.
61, 163169
List the prime factors of 6945726.
2, 3, 1157621
What are the prime factors of 1046684?
2, 23, 31, 367
What are the prime factors of 442007?
442007
List the prime factors of 161448.
2, 3, 7, 31
What are the prime factors of 1213434?
2, 3, 23, 977
What are the prime factors of 406201?
19, 21379
List the prime factors of 290946.
2, 3, 48491
List the prime factors of 320848.
2, 11, 1823
What are the prime factors of 3469548?
2, 3, 289129
What are the prime factors of 775680?
2, 3, 5, 101
List the prime factors of 699386.
2, 59, 5927
What are the prime factors of 33149677?
11, 17, 269, 659
What are the prime factors of 10528689?
3, 211, 16633
What are the prime factors of 206463?
3, 68821
List the prime factors of 1356199.
13, 104323
List the prime factors of 2705066.
2, 7, 13, 89, 167
What are the prime factors of 5738856?
2, 3, 239119
What are the prime factors of 51521?
51521
List the prime factors of 1487681.
13, 19, 317
List the prime factors of 26258719.
2377, 11047
List the prime factors of 248879.
248879
What are the prime factors of 1525153?
7, 23, 9473
What are the prime factors of 92467?
92467
List the prime factors of 1279894.
2, 7, 11, 8311
What are the prime factors of 2484435?
3, 5, 89, 1861
List the prime factors of 1654506.
2, 3, 7, 1459
What are the prime factors of 1975846?
2, 461, 2143
What are the prime factors of 250700?
2, 5, 23, 109
What are the prime factors of 682228?
2, 170557
What are the prime factors of 949480?
2, 5, 7, 3391
What are the prime factors of 1058956?
2, 264739
What are the prime factors of 994453?
994453
What are the prime factors of 95976?
2, 3, 31, 43
What are the prime factors of 2983099?
7, 31, 59, 233
What are the prime factors of 471072?
2, 3, 7, 701
What are the prime factors of 6692861?
7, 137, 997
List the prime factors of 384652.
2, 23, 37, 113
List the prime factors of 641004.
2, 3, 7, 13, 587
What are the prime factors of 1303779?
3, 434593
List the prime factors of 109431.
3, 7, 193
List the prime factors of 158410.
2, 5, 7, 31, 73
What are the prime factors of 3765188?
2, 7, 134471
List the prime factors of 766962.
2, 3, 7, 2029
List the prime factors of 18084316.
2, 4521079
List the prime factors of 90095.
5, 37, 487
What are the prime factors of 1775553?
3, 13, 53, 859
What are the prime factors of 56842?
2, 97, 293
List the prime factors of 3531929.
19, 211, 881
List the prime factors of 1476239.
59, 131, 191
List the prime factors of 34517958.
2, 3, 5752993
List the prime factors of 16266076.
2, 17, 14071
List the prime factors of 295541.
295541
What are the prime factors of 59137?
13, 4549
What are the prime factors of 859434?
2, 3, 143239
What are the prime factors of 219919?
7, 89, 353
List the prime factors of 240660.
2, 3, 5, 7, 191
What are the prime factors of 17427458?
2, 1831, 4759
List the prime factors of 119061.
3, 13229
What are the prime factors of 420284?
2, 105071
List the prime factors of 1498476.
2, 3, 7, 17839
List the prime factors of 594813.
3, 17, 107, 109
List the prime factors of 1546859.
37, 97, 431
List the prime factors of 9554765.
5, 11, 17, 929
List the prime factors of 146895.
3, 5, 7, 1399
What are the prime factors of 55121?
11, 5011
List the prime factors of 541312.
2, 4229
What are the prime factors of 2822125?
5, 107, 211
What are the prime factors of 192307?
192307
List the prime factors of 156424.
2, 19553
List the prime factors of 168956.
2, 42239
List the prime factors of 2604225.
3, 5, 13, 2671
What are the prime factors of 1964839?
389, 5051
List the prime factors of 973331.
973331
List the prime factors of 1231233.
3, 410411
List the prime factors of 1285978.
2, 631, 1019
What are the prime factors of 2578556?
2, 53, 12163
List the prime factors of 22057.
7, 23, 137
What are the prime factors of 139737?
3, 13, 3583
What are the prime factors of 2449834?
2, 137, 8941
What are the prime factors of 6057948?
2, 3, 13, 38833
List the prime factors of 2152767.
3, 717589
What are the prime factors of 4205417?
233, 18049
What are the prime factors of 1319022?
2, 3, 127, 577
List the prime factors of 147101.
17, 509
List the prime factors of 5599544.
2, 699943
List the prime factors of 241224.
2, 3, 19, 23
List the prime factors of 131499.
3, 19, 769
What are the prime factors of 17381521?
601, 28921
List the prime factors of 1211028.
2, 3, 7, 13, 1109
What are the prime factors of 1754116?
2, 7, 13, 61, 79
List the prime factors of 14939169.
3, 7, 101627
What are the prime factors of 14145060?
2, 3, 5, 235751
What are the prime factors of 476494?
2, 238247
What are the prime factors of 1775154?
2, 3, 191, 1549
What are the prime factors of 809353?
17, 47609
What are the prime factors of 896155?
5, 13, 17, 811
List the prime factors of 600508.
2, 17, 8831
What are the prime factors of 3283741?
97, 349
List the prime factors of 282809.
282809
List the prime factors of 40167055.
5, 1483, 5417
List the prime factors of 10714140.
2, 3, 5, 19841
What are the prime factors of 1744350?
2, 3, 5, 29, 401
List the prime f